 p*j = -1790. What is the units digit of r?
2
Suppose -10459 = -3*n + 7507 + 9721. What is the hundreds digit of n?
2
Let v(k) = 23*k - 73. Let l be v(3). What is the tens digit of 16/6*909/6 + l?
0
Let x(y) = -2*y**3 + 6*y - 18. Let c(d) = d - 8. Let i be c(3). What is the tens digit of x(i)?
0
What is the ten thousands digit of (66453/(-4))/((-255)/68 + 3)?
2
Let w = -152 - -155. Suppose 0 = -3*m - 3*q - 2*q + 1510, 0 = w*m - 3*q - 1494. What is the hundreds digit of m?
5
Let r = 151 + -358. What is the units digit of (1 - r)*12/16?
6
What is the hundreds digit of -6 - (-10 - -10) - -4216?
2
Suppose -5*h + 5*o + 72 = -933, -5*h - 4*o = -960. Let a = h - 299. Let l = a - -169. What is the tens digit of l?
6
Let u(i) = i**3 + 21*i**2 - 5*i + 73. Let s be u(-20). Suppose 0 = -s*j + 574*j - 273. What is the hundreds digit of j?
2
Let d = -212 - -16. Let z = -168 - d. What is the tens digit of z?
2
Suppose 24*t - 5035 - 24701 = 0. What is the tens digit of t?
3
Suppose 1486 = -0*j + 2*j + c, -j + 2*c + 738 = 0. Let d = j + -386. What is the hundreds digit of d?
3
Let b = -280 - -293. Suppose n - 583 = -3*f, -10*f + b*f + 1184 = 2*n. What is the tens digit of n?
8
Suppose -17*v + 15*v - 5*g = -68, -v + g = -27. Let q(n) = 5*n**2 - 76*n + 46. What is the hundreds digit of q(v)?
0
Suppose 3998*r + 83754 = 3976*r. Let u = 0 + 3. What is the hundreds digit of ((-1)/u + 1)/((-18)/r)?
1
Let z(i) = -i + 11. Let y be z(5). Let x = 162 + y. Let v = x - 85. What is the units digit of v?
3
Suppose 905745 = 19*n + 342338. What is the tens digit of n?
5
Let l = -2311 - -2388. What is the tens digit of l?
7
Let o(x) = 537*x + 6. Let k be o(1). Let q = k + -375. What is the units digit of q?
8
Suppose -60*l + 63*l = -5*c + 12070, 2*l = 2*c + 8036. What is the units digit of l?
0
Suppose -64755 = 4*h - 19*h. What is the units digit of h?
7
Suppose -253401 - 1541469 = -222*p. What is the tens digit of p?
8
Suppose 0 = -31*j + 49*j - 774. What is the hundreds digit of (-6)/(-8) - j*663/(-52)?
5
Let s(w) = -2*w**2 - 31*w - 25. Let l be s(-13). Suppose -12*r + 14*r - l = 0. What is the tens digit of r?
2
Let k = 5824 - 2132. What is the hundreds digit of k?
6
Let f(s) = s**2 - 35*s + 38. Let o be f(34). Suppose -8*l + 6*l + 1302 = 2*m, -m = o*l - 651. What is the units digit of m?
1
What is the tens digit of (1710 - 14) + (3 - 4 - -4)?
9
Let s(x) = x**3 + 13*x**2 + 10*x + 9. Let g be s(-7). Suppose 0 = 4*t - 4*u - 516, -5*t = 2*u - 120 - 525. Let f = g - t. What is the tens digit of f?
0
Let q be 9/((-54)/(-8)) - 111137/(-39). Let w = q + -1526. What is the thousands digit of w?
1
Let i(n) = 3540*n**3 - 8*n**2 - 33*n + 39. What is the hundreds digit of i(1)?
5
Suppose -64305 = -50*u + 13445. What is the tens digit of u?
5
Let k(i) = i**3 + 8*i**2 - 4*i - 29. Let y be k(-16). What is the hundreds digit of 29/116 + (y/4)/(-3)?
1
Let k be ((-3)/3)/(1/(2 + 0)). Let z be -3 + (-1)/k*(4 + -2). What is the units digit of z/(-6)*(12 + 0)?
4
Let n(b) = -b**3 - 24*b**2 - 30*b - 50. Let l(a) = a**2 - a - 2. Let h(o) = 3*l(o) - n(o). What is the units digit of h(-26)?
8
Let l = 811 - 422. Let j = l + -195. What is the tens digit of j?
9
Let w = 414 + 799. What is the units digit of w?
3
Suppose 45*g = 50*g - 250. Let f = -37 + g. Let v = f + 59. What is the tens digit of v?
7
Let w(l) = -7*l + 131. Let b be w(12). Suppose -n + 201 = b. What is the tens digit of n?
5
Let n = -11 + -10. Let a = -19 - n. What is the tens digit of (21*a)/(4 - 3)?
4
Suppose -5*r + 49 = 2*a - 36, 0 = -4*r + 4*a + 96. Let d = 15 - r. What is the tens digit of (-58)/(-8)*(-18 + 2)/d?
2
Let x = -7608 + 14442. Suppose 16*v - 9358 = x. What is the units digit of v?
2
Let f(l) = l**2 + 21*l + 9. Let z be f(-21). Suppose 5*m = 6 + z. Suppose -19 + 70 = m*n. What is the units digit of n?
7
Suppose -61*i + 94*i + 132 = 0. What is the units digit of 48/18*(-123)/i + 1?
3
Suppose 0*b - 9*b + 468 = 0. What is the tens digit of (-764)/7*(-182)/b?
8
Let y = 13 - 9. Suppose 0 = -2*s - 3*a - 712, 0 = y*a - 4 + 12. What is the tens digit of s/(-8) + 68/(-32) + 2?
4
Suppose 5*k - 7 = 3*c, -2*c - k - 7 = -2*k. Let g be (c + (-50)/(-15))*1*-3. Suppose -8*n + g*n + 426 = 0. What is the units digit of n?
1
Suppose -14*a + 267946 = 88886. What is the hundreds digit of a?
7
Let s = 13 + -18. Let i be -27*(-5)/(s/(-2)). Let d = i - 7. What is the units digit of d?
7
Suppose 53970 = 2*r - 2*q, 29*r = 25*r - 2*q + 107922. What is the tens digit of r?
8
Let a(h) = 42*h + 98. Let r be a(-2). Suppose -6830 = 4*l - r*l. What is the units digit of l?
3
Suppose 3*l = -17*r + 15*r + 7152, 0 = -4*r + l + 14304. Suppose -3609 = -5*s + r. What is the hundreds digit of s?
4
Let p be (6/4 - 2) + 3/6. Let b be p/(4 - (-2 - -7)). Suppose b = -3*d + 7*d - 236. What is the tens digit of d?
5
Let k(i) = 8*i**2 - 27*i + 4153. What is the units digit of k(0)?
3
Suppose 19*g - 3 = 16*g. What is the units digit of 2*g/(-2) - (4 + -65)?
0
Suppose -88*h + 82*h - 1632 = 0. Let v = 333 - h. What is the tens digit of v?
0
Suppose -3*f + 32 = -f + 4*j, 2*f - 3*j + 3 = 0. Let v be f/27 - 2/9. Suppose -8*c + 0*c + 232 = v. What is the units digit of c?
9
Let p(g) = g**2 - 7*g - 3. Let o be p(-7). Suppose 4*k + 13 = -o. What is the units digit of (-32 - k)/(1*-1)?
5
Let a = 59 + -57. Suppose v = 4*q - 1713, 2*q = -a*v - 2*v + 834. Suppose -1318 = -9*y - q. What is the tens digit of y?
9
Let y(o) = o + 2. Let t(m) = -m - 1. Let q(n) = 4*t(n) + 3*y(n). Let d be q(0). Suppose 3*j - d*w - 64 = 0, 0*j - j + 23 = -w. What is the tens digit of j?
1
Suppose 0 = 22*c - 24*c, -c + 46770 = 5*m. What is the units digit of m?
4
Suppose -18*a - 23*a + 660 = 3*a. Suppose -5*o - 77 = -702. Let x = o - a. What is the tens digit of x?
1
Suppose -2*g + 11212 = o + 1386, -4906 = -g + 3*o. What is the tens digit of g?
1
Let a(h) = -458*h**2 - 10*h - 1 + 242*h**2 - 1 - h**3 + 240*h**2. What is the hundreds digit of a(21)?
1
Suppose 2*n - 340 = 4*h, 0 = -0*h + 5*h + 10. Let x = 45 + -17. Let w = n - x. What is the units digit of w?
8
Let l be 3 - 1 - (6 - (-2)/(-2)). Let u(n) = -19*n**3 - 5*n**2 - 6*n - 6. What is the units digit of u(l)?
0
Let b be (1 - 505/(-10))*2. Let a = -68 + b. Let t = a + 33. What is the units digit of t?
8
Let h(v) = 51*v + 6. Let d(x) = -52*x - 6. Let s(b) = -3*d(b) - 4*h(b). What is the tens digit of s(-2)?
9
Let j(l) = l**3 + 4*l**2 + l - 4. Let k be j(-2). Suppose 0*f + 5*f = -5*t + 50, 10 = k*f. Suppose 10*h = t*h + 635. What is the tens digit of h?
2
Suppose 0 = -7*r - 133 + 91. What is the tens digit of (r/12)/(3/(-564)*2)?
4
Suppose 2772 = 48*j - 20*j. What is the tens digit of j?
9
What is the tens digit of (-6 + (-21)/(-5))/(3/(-8315))?
8
Let g(a) = 3*a - 9. Let y be g(2). Let m(l) = 82*l**2 - 3*l. What is the tens digit of m(y)?
4
Suppose -n = -2*n + 5. Let q(w) = 2*w**3 + w**2 + 7 + 1 + 10*w - 5*w**2 + 0. What is the units digit of q(n)?
8
Let y be (0 + 3)/(7/((-315)/(-27))). Let w(j) = 6*j**3 + 3*j**2 - 10*j - 3. What is the hundreds digit of w(y)?
7
Let u = 155 - 152. Suppose -7 = -s - 2*v + 7, u*s - 5*v - 75 = 0. What is the units digit of s?
0
Let d(x) = -x**3 + 18*x**2 + 74*x + 27. What is the units digit of d(-11)?
2
Let j be 4 + -10 - 24/(-6). What is the hundreds digit of 14*(-8 - 113/j)?
6
Suppose 6*v - 17 = 5*g + 7*v, -g - v - 5 = 0. What is the units digit of (-876)/8*((-16)/g)/(-4)?
6
Let p = 1256 + -2536. Let w = p - -2226. What is the tens digit of w?
4
Suppose 4*w + 4*r = 28, -2*r - 14 + 18 = 0. Suppose 0 = -q + 4*v + 517, w*v = -q - 0*q + 490. What is the hundreds digit of q?
5
Let d(j) be the third derivative of 2*j**4/3 + 16*j**3/3 - 4*j**2. Let m(c) = -15*c - 33. Let u(v) = 3*d(v) + 2*m(v). What is the hundreds digit of u(10)?
2
Let s(k) = 40*k**3 - 4*k - k + 1 - 54*k**3 + 2*k**2. What is the units digit of s(-3)?
2
Let k = 128 + -123. What is the tens digit of (201/39 - k) + 3736/52?
7
Suppose -6*m = -12*m - 24. What is the tens digit of 2/m*3*-10 + -2?
1
What is the hundreds digit of (-894)/(-2533) + (-374464)/(-34)?
0
Suppose -5*r = -73 - 177. Let c = r - 45. Suppose 2*v - 232 - 19 = -c*p, 0 = 4*v + 8. What is the units digit of p?
1
Let p = 1205 - -16300. What is the tens digit of p?
0
Let f(a) = -2*a**3 - 26*a**2 